{"id":89,"date":"2017-04-19T08:36:37","date_gmt":"2017-04-19T05:36:37","guid":{"rendered":"https:\/\/muzika.aluksne.lv\/?page_id=89"},"modified":"2025-05-12T14:32:03","modified_gmt":"2025-05-12T11:32:03","slug":"uznemsana","status":"publish","type":"page","link":"https:\/\/muzika.aluksne.lv\/?page_id=89","title":{"rendered":"Uz\u0146em\u0161ana"},"content":{"rendered":"<h3 style=\"text-align: center;\"><span style=\"color: #008000;\">\u00a0<\/span><\/h3>\n\n\n<p><\/p>\n\n\n\n<p><\/p>\n\n\n<div class=\"wp-block-image\">\n<figure class=\"aligncenter size-large is-resized\"><img loading=\"lazy\" decoding=\"async\" width=\"724\" height=\"1024\" src=\"https:\/\/muzika.aluksne.lv\/wp-content\/uploads\/2025\/05\/Uznemsanas-afisa-1-724x1024.jpg\" alt=\"\" class=\"wp-image-5064\" style=\"width:409px;height:auto\" srcset=\"https:\/\/muzika.aluksne.lv\/wp-content\/uploads\/2025\/05\/Uznemsanas-afisa-1-724x1024.jpg 724w, https:\/\/muzika.aluksne.lv\/wp-content\/uploads\/2025\/05\/Uznemsanas-afisa-1-212x300.jpg 212w, https:\/\/muzika.aluksne.lv\/wp-content\/uploads\/2025\/05\/Uznemsanas-afisa-1-768x1086.jpg 768w, https:\/\/muzika.aluksne.lv\/wp-content\/uploads\/2025\/05\/Uznemsanas-afisa-1-1086x1536.jpg 1086w, https:\/\/muzika.aluksne.lv\/wp-content\/uploads\/2025\/05\/Uznemsanas-afisa-1-1448x2048.jpg 1448w, https:\/\/muzika.aluksne.lv\/wp-content\/uploads\/2025\/05\/Uznemsanas-afisa-1.jpg 1587w\" sizes=\"auto, (max-width: 724px) 100vw, 724px\" \/><\/figure>\n<\/div>\n\n\n<p class=\"has-medium-font-size\">Saite uz Iesnieguma veidlapu Al\u016bksnes M\u016bzikas skolas m\u0101jas lap\u0101: <a href=\"https:\/\/docs.google.com\/document\/d\/1cQSQvn8EpTS7tufLuWNwN-UYSEYWhVs4\/edit\">https:\/\/docs.google.com\/document\/d\/1cQSQvn8EpTS7tufLuWNwN-UYSEYWhVs4\/edit<\/a><\/p>\n\n\n\n<p class=\"has-medium-font-size\"><\/p>\n","protected":false},"excerpt":{"rendered":"<p>\u00a0 Saite uz Iesnieguma veidlapu Al\u016bksnes M\u016bzikas skolas m\u0101jas lap\u0101: https:\/\/docs.google.com\/document\/d\/1cQSQvn8EpTS7tufLuWNwN-UYSEYWhVs4\/edit<\/p>\n","protected":false},"author":2,"featured_media":0,"parent":0,"menu_order":0,"comment_status":"closed","ping_status":"closed","template":"","meta":{"footnotes":""},"class_list":["post-89","page","type-page","status-publish","hentry"],"_links":{"self":[{"href":"https:\/\/muzika.aluksne.lv\/index.php?rest_route=\/wp\/v2\/pages\/89","targetHints":{"allow":["GET"]}}],"collection":[{"href":"https:\/\/muzika.aluksne.lv\/index.php?rest_route=\/wp\/v2\/pages"}],"about":[{"href":"https:\/\/muzika.aluksne.lv\/index.php?rest_route=\/wp\/v2\/types\/page"}],"author":[{"embeddable":true,"href":"https:\/\/muzika.aluksne.lv\/index.php?rest_route=\/wp\/v2\/users\/2"}],"replies":[{"embeddable":true,"href":"https:\/\/muzika.aluksne.lv\/index.php?rest_route=%2Fwp%2Fv2%2Fcomments&post=89"}],"version-history":[{"count":30,"href":"https:\/\/muzika.aluksne.lv\/index.php?rest_route=\/wp\/v2\/pages\/89\/revisions"}],"predecessor-version":[{"id":5065,"href":"https:\/\/muzika.aluksne.lv\/index.php?rest_route=\/wp\/v2\/pages\/89\/revisions\/5065"}],"wp:attachment":[{"href":"https:\/\/muzika.aluksne.lv\/index.php?rest_route=%2Fwp%2Fv2%2Fmedia&parent=89"}],"curies":[{"name":"wp","href":"https:\/\/api.w.org\/{rel}","templated":true}]}}