{"id":3226,"date":"2021-10-19T12:00:52","date_gmt":"2021-10-19T09:00:52","guid":{"rendered":"https:\/\/muzika.aluksne.lv\/?page_id=3226"},"modified":"2021-10-19T12:00:53","modified_gmt":"2021-10-19T09:00:53","slug":"ieksejie-notikumi-par-ricibu-konstatetas-vardarbibas-gadijuma","status":"publish","type":"page","link":"https:\/\/muzika.aluksne.lv\/?page_id=3226","title":{"rendered":"Iek\u0161\u0113jie notikumi par r\u012bc\u012bbu konstat\u0113tas vardarb\u012bbas gad\u012bjum\u0101"},"content":{"rendered":"\n<figure class=\"wp-block-image size-large\"><img loading=\"lazy\" decoding=\"async\" width=\"744\" height=\"1024\" src=\"https:\/\/muzika.aluksne.lv\/wp-content\/uploads\/2021\/10\/Skenesana_20211019-744x1024.jpg\" alt=\"\" class=\"wp-image-3227\" srcset=\"https:\/\/muzika.aluksne.lv\/wp-content\/uploads\/2021\/10\/Skenesana_20211019-744x1024.jpg 744w, https:\/\/muzika.aluksne.lv\/wp-content\/uploads\/2021\/10\/Skenesana_20211019-218x300.jpg 218w, https:\/\/muzika.aluksne.lv\/wp-content\/uploads\/2021\/10\/Skenesana_20211019-768x1057.jpg 768w, https:\/\/muzika.aluksne.lv\/wp-content\/uploads\/2021\/10\/Skenesana_20211019.jpg 850w\" sizes=\"auto, (max-width: 744px) 100vw, 744px\" \/><\/figure>\n\n\n\n<figure class=\"wp-block-image size-large\"><img loading=\"lazy\" decoding=\"async\" width=\"744\" height=\"1024\" src=\"https:\/\/muzika.aluksne.lv\/wp-content\/uploads\/2021\/10\/Skenesana_20211019-2-744x1024.jpg\" alt=\"\" class=\"wp-image-3228\" srcset=\"https:\/\/muzika.aluksne.lv\/wp-content\/uploads\/2021\/10\/Skenesana_20211019-2-744x1024.jpg 744w, https:\/\/muzika.aluksne.lv\/wp-content\/uploads\/2021\/10\/Skenesana_20211019-2-218x300.jpg 218w, https:\/\/muzika.aluksne.lv\/wp-content\/uploads\/2021\/10\/Skenesana_20211019-2-768x1057.jpg 768w, https:\/\/muzika.aluksne.lv\/wp-content\/uploads\/2021\/10\/Skenesana_20211019-2.jpg 850w\" sizes=\"auto, (max-width: 744px) 100vw, 744px\" \/><\/figure>\n\n\n\n<figure class=\"wp-block-image size-large\"><img loading=\"lazy\" decoding=\"async\" width=\"744\" height=\"1024\" src=\"https:\/\/muzika.aluksne.lv\/wp-content\/uploads\/2021\/10\/Skenesana_20211019-3-744x1024.jpg\" alt=\"\" class=\"wp-image-3229\" srcset=\"https:\/\/muzika.aluksne.lv\/wp-content\/uploads\/2021\/10\/Skenesana_20211019-3-744x1024.jpg 744w, https:\/\/muzika.aluksne.lv\/wp-content\/uploads\/2021\/10\/Skenesana_20211019-3-218x300.jpg 218w, https:\/\/muzika.aluksne.lv\/wp-content\/uploads\/2021\/10\/Skenesana_20211019-3-768x1057.jpg 768w, https:\/\/muzika.aluksne.lv\/wp-content\/uploads\/2021\/10\/Skenesana_20211019-3.jpg 850w\" sizes=\"auto, (max-width: 744px) 100vw, 744px\" \/><\/figure>\n\n\n\n<figure class=\"wp-block-image size-large\"><img loading=\"lazy\" decoding=\"async\" width=\"744\" height=\"1024\" src=\"https:\/\/muzika.aluksne.lv\/wp-content\/uploads\/2021\/10\/Skenesana_20211019-4-744x1024.jpg\" alt=\"\" class=\"wp-image-3230\" srcset=\"https:\/\/muzika.aluksne.lv\/wp-content\/uploads\/2021\/10\/Skenesana_20211019-4-744x1024.jpg 744w, https:\/\/muzika.aluksne.lv\/wp-content\/uploads\/2021\/10\/Skenesana_20211019-4-218x300.jpg 218w, https:\/\/muzika.aluksne.lv\/wp-content\/uploads\/2021\/10\/Skenesana_20211019-4-768x1057.jpg 768w, https:\/\/muzika.aluksne.lv\/wp-content\/uploads\/2021\/10\/Skenesana_20211019-4.jpg 850w\" sizes=\"auto, (max-width: 744px) 100vw, 744px\" \/><\/figure>\n\n\n\n<figure class=\"wp-block-image size-large\"><img loading=\"lazy\" decoding=\"async\" width=\"744\" height=\"1024\" src=\"https:\/\/muzika.aluksne.lv\/wp-content\/uploads\/2021\/10\/Skenesana_20211019-5-744x1024.jpg\" alt=\"\" class=\"wp-image-3231\" srcset=\"https:\/\/muzika.aluksne.lv\/wp-content\/uploads\/2021\/10\/Skenesana_20211019-5-744x1024.jpg 744w, https:\/\/muzika.aluksne.lv\/wp-content\/uploads\/2021\/10\/Skenesana_20211019-5-218x300.jpg 218w, https:\/\/muzika.aluksne.lv\/wp-content\/uploads\/2021\/10\/Skenesana_20211019-5-768x1057.jpg 768w, https:\/\/muzika.aluksne.lv\/wp-content\/uploads\/2021\/10\/Skenesana_20211019-5.jpg 850w\" sizes=\"auto, (max-width: 744px) 100vw, 744px\" \/><\/figure>\n","protected":false},"excerpt":{"rendered":"","protected":false},"author":3,"featured_media":0,"parent":0,"menu_order":0,"comment_status":"closed","ping_status":"closed","template":"","meta":{"footnotes":""},"class_list":["post-3226","page","type-page","status-publish","hentry"],"_links":{"self":[{"href":"https:\/\/muzika.aluksne.lv\/index.php?rest_route=\/wp\/v2\/pages\/3226","targetHints":{"allow":["GET"]}}],"collection":[{"href":"https:\/\/muzika.aluksne.lv\/index.php?rest_route=\/wp\/v2\/pages"}],"about":[{"href":"https:\/\/muzika.aluksne.lv\/index.php?rest_route=\/wp\/v2\/types\/page"}],"author":[{"embeddable":true,"href":"https:\/\/muzika.aluksne.lv\/index.php?rest_route=\/wp\/v2\/users\/3"}],"replies":[{"embeddable":true,"href":"https:\/\/muzika.aluksne.lv\/index.php?rest_route=%2Fwp%2Fv2%2Fcomments&post=3226"}],"version-history":[{"count":1,"href":"https:\/\/muzika.aluksne.lv\/index.php?rest_route=\/wp\/v2\/pages\/3226\/revisions"}],"predecessor-version":[{"id":3233,"href":"https:\/\/muzika.aluksne.lv\/index.php?rest_route=\/wp\/v2\/pages\/3226\/revisions\/3233"}],"wp:attachment":[{"href":"https:\/\/muzika.aluksne.lv\/index.php?rest_route=%2Fwp%2Fv2%2Fmedia&parent=3226"}],"curies":[{"name":"wp","href":"https:\/\/api.w.org\/{rel}","templated":true}]}}