{"id":269,"date":"2017-08-30T15:41:40","date_gmt":"2017-08-30T12:41:40","guid":{"rendered":"https:\/\/muzika.aluksne.lv\/?page_id=269"},"modified":"2018-08-22T12:27:40","modified_gmt":"2018-08-22T09:27:40","slug":"muzikas-teorija","status":"publish","type":"page","link":"https:\/\/muzika.aluksne.lv\/?page_id=269","title":{"rendered":"M\u016bzikas teorija"},"content":{"rendered":"<blockquote>\n<p style=\"text-align: left;\"><em>M\u016bzikas m\u0101c\u012bbas un solfed\u017eo m\u0113r\u0137i:<\/em><\/p>\n<ul>\n<li><em>att\u012bst\u012bt visus m\u016bzikas uztverei, atska\u0146o\u0161anas praksei un muzik\u0101li rado\u0161ai darb\u012bbai nepiecie\u0161amos MUZIK\u0100L\u0100S DZIRDES komponentus \u2013 melodisko un harmonisko dzirdi, metroritma un formas izj\u016btu, muzik\u0101lo atmi\u0146u;<\/em><\/li>\n<li><em>att\u012bst\u012bt m\u016bzikas valodas izpratnei nepiecie\u0161am\u0101s MUZIK\u0100L\u0100S DOM\u0100\u0160ANAS sp\u0113jas, radot spilgtus priek\u0161status par m\u016bzikas valodas elementiem, vingrinoties tos saklaus\u012bt dz\u012bvaj\u0101 m\u016bzik\u0101 un m\u0101cot tos nosaukt visp\u0101rpie\u0146emtajos terminos;<\/em><\/li>\n<li style=\"text-align: left;\"><em>rosin\u0101t audz\u0113k\u0146us praktiskai muzic\u0113\u0161anai un muzik\u0101li rado\u0161ai darb\u012bbai, kas sniegtu vi\u0146iem prieku un gandar\u012bjumu, l\u012bdz ar to RAD\u012aTU UN SAGLAB\u0100TU INTERESI par m\u016bziku turpm\u0101kajai dz\u012bvei.\u00a0 \u00a0 \u00a0 \u00a0 \u00a0 \u00a0 \u00a0 \u00a0 \u00a0 \u00a0 \u00a0 \u00a0 \u00a0 \u00a0 \u00a0 \u00a0 \u00a0 \u00a0 \u00a0 \u00a0 \u00a0 \u00a0 \u00a0 \u00a0 \u00a0 \u00a0 \u00a0 \u00a0 \u00a0 \u00a0 \u00a0 \u00a0 \u00a0 \u00a0 \u00a0 \u00a0 \u00a0 \u00a0 \u00a0 \u00a0 \u00a0 \u00a0 \u00a0 \u00a0 \u00a0 \u00a0 \u00a0 \u00a0 \u00a0 \u00a0 \u00a0 \u00a0 \u00a0 \u00a0 \u00a0 \u00a0 \u00a0 \u00a0 \u00a0 \u00a0 \u00a0 \u00a0 \u00a0 \u00a0 \u00a0 \u00a0 \u00a0 \u00a0 \u00a0 \u00a0 \u00a0 \u00a0 \u00a0 \u00a0 \u00a0 \u00a0 \u00a0 \u00a0 \u00a0 \u00a0 \u00a0 \u00a0 \u00a0 \u00a0 \u00a0 \u00a0 \u00a0 \u00a0 \u00a0 \u00a0 \u00a0 \u00a0 \u00a0 \u00a0 \u00a0 \u00a0 \u00a0 \u00a0 \u00a0 \u00a0 \u00a0 \u00a0 \u00a0 \u00a0 \u00a0 \u00a0 \u00a0 \u00a0 \u00a0 \u00a0 \u00a0 \u00a0 \u00a0 \u00a0 \u00a0 \u00a0 \u00a0 \u00a0 \u00a0 \u00a0 \u00a0 \u00a0 \u00a0 \u00a0 \u00a0 \u00a0 \u00a0 \u00a0 \u00a0 \u00a0 \u00a0 \u00a0 \u00a0 \u00a0 \u00a0 \u00a0 \u00a0 \u00a0 \u00a0 \u00a0 \u00a0 \u00a0 \u00a0 \u00a0 \u00a0 \u00a0 \u00a0 \u00a0<\/em><em>(Ilma Grauzdi\u0146a) <\/em><\/li>\n<\/ul>\n<\/blockquote>\n<p>M\u016bzikas teorijas klase Al\u016bksnes M\u016bzikas skol\u0101 ir vispla\u0161\u0101k\u0101, jo aptver audz\u0113k\u0146us no vis\u0101m izgl\u012bt\u012bbas programm\u0101m.<\/p>\n<ul>\n<li>Par M\u016bzikas teorijas skolot\u0101jiem str\u0101d\u0101ju\u0161i <strong>J\u0101nis Kravalis <\/strong>(1960.-1967.), <strong>Ilga<\/strong> <strong>Millere<\/strong> <strong>(Josta)<\/strong> (1966.-1975.), <strong>Alfr\u0113ds D\u0101vids <\/strong>(1966.-1983.).<\/li>\n<li>2017.\/2018. m\u0101c\u012bbu gad\u0101 m\u016bzikas teor\u0113tiskos priek\u0161metus pasniedz skolot\u0101jas <strong>Gunta Bo\u0161a<\/strong>,<strong> Agrita Kalni\u0146a<\/strong>,<strong> Sandra Oto<\/strong>, <strong>Marija V\u012bksna.<\/strong><\/li>\n<li>M\u016bzikas teorijas klase organiz\u0113 daudzveid\u012bgas un izgl\u012btojo\u0161as muzik\u0101l\u0101s p\u0113cpusdienas, kuras tiek velt\u012btas komponistiem &#8211; jubil\u0101riem, da\u017e\u0101du laikmetu stiliem (barokam, klasicismam, romantismam) un nacion\u0101lo skolu komponistu dai\u013cradei. Lielu klaus\u012bt\u0101ju atsauc\u012bbu un interesi izpeln\u012bju\u0161\u0101s koncertlekcijas ar \u017eanrisku un visp\u0101r\u0113ju tematiku, piem\u0113ram \u2013 <em>Et\u012bde da\u017e\u0101d\u0101 skat\u012bjum\u0101<\/em>,<em> Pasaules rad\u012b\u0161ana un m\u0101kslinieka pasaule<\/em>,<em> \u016adens visapk\u0101rt<\/em>,<em> Dz\u012bv\u0101 daba m\u016bzik\u0101<\/em>,<em> Gadalaiki m\u016bzik\u0101<\/em>,<em> Komponisti joko<\/em>,<em> Tinam tautasdziesmu kamol\u0101<\/em>,<em> Valsis, valsis, valsis\u2026 <\/em>un citas.<\/li>\n<li>Gatavojoties Latvijas simtgadei, tematiskajam ciklam velt\u012btas p\u0113cpusdienas &#8211; <em>Skaista mana t\u0113vu zeme<\/em> (01.12.2016.), <em>Latvija Baltijas j\u016bras gredzen\u0101<\/em> (20.04.2017.), <em>Caur Latvijas novadiem skanot <\/em>(2018. gada apr\u012blis).<\/li>\n<li>Par profesion\u0101lu muzikolo\u0123i k\u013cuvusi Al\u016bksnes M\u016bzikas skolas absolvente <strong>Ieva Rozent\u0101le (Kravale)<\/strong> \u2013 Latvijas telev\u012bzijas Kult\u016bras raid\u012bjumu redakcijas producente. Ar m\u016bzikas teoriju un zin\u0101tni, k\u0101 ar\u012b kompoz\u012bciju savu rado\u0161o darb\u012bbu t\u0101l\u0101k saist\u012bju\u0161i: <strong>Raimonds Zelmenis<\/strong> \u2013 komponists, no\u0161u izdevniec\u012bbas redaktors Somij\u0101, <strong>Ilga Millere (Josta) <\/strong>\u2013 pedago\u0123ijas zin\u0101t\u0146u ma\u0123istre, vair\u0101ku m\u0101c\u012bbu gr\u0101matu un metodisk\u0101s literat\u016bras autore, <strong>El\u012bna Selga <\/strong>\u2013 muzikolo\u0123e, m\u016bzikas ma\u0123istre, J\u0101zepa Medi\u0146a R\u012bgas M\u016bzikas vidusskolas pedago\u0123e, J. V\u012btola Latvijas M\u016bzikas akad\u0113mijas lektore , <strong>Zintis Cepurnieks <\/strong>\u2013 komponists, m\u016bzikas autors Ulda Sedlenieka Al\u016bksnes Tautas te\u0101tra <strong><em>Slieksnis <\/em><\/strong>lug\u0101m, fona m\u016bzikas autors Al\u016bksnes novada pas\u0101kumos.<\/li>\n<li>L\u012bdz\u0101s pla\u0161ajam ikdien\u0101 veicamo uzdevumu kl\u0101stam, audz\u0113k\u0146i iesaist\u0101s da\u017e\u0101dos re\u0123ion\u0101lajos un valsts m\u0113roga rado\u0161ajos konkursos un viktor\u012bn\u0101s.<\/li>\n<\/ul>\n","protected":false},"excerpt":{"rendered":"<p>M\u016bzikas m\u0101c\u012bbas un solfed\u017eo m\u0113r\u0137i: att\u012bst\u012bt visus m\u016bzikas uztverei, atska\u0146o\u0161anas praksei un muzik\u0101li rado\u0161ai darb\u012bbai nepiecie\u0161amos MUZIK\u0100L\u0100S DZIRDES komponentus \u2013 melodisko un harmonisko dzirdi, metroritma un formas izj\u016btu, muzik\u0101lo atmi\u0146u;&#8230;<\/p>\n","protected":false},"author":2,"featured_media":0,"parent":83,"menu_order":0,"comment_status":"closed","ping_status":"closed","template":"","meta":{"footnotes":""},"class_list":["post-269","page","type-page","status-publish","hentry"],"_links":{"self":[{"href":"https:\/\/muzika.aluksne.lv\/index.php?rest_route=\/wp\/v2\/pages\/269","targetHints":{"allow":["GET"]}}],"collection":[{"href":"https:\/\/muzika.aluksne.lv\/index.php?rest_route=\/wp\/v2\/pages"}],"about":[{"href":"https:\/\/muzika.aluksne.lv\/index.php?rest_route=\/wp\/v2\/types\/page"}],"author":[{"embeddable":true,"href":"https:\/\/muzika.aluksne.lv\/index.php?rest_route=\/wp\/v2\/users\/2"}],"replies":[{"embeddable":true,"href":"https:\/\/muzika.aluksne.lv\/index.php?rest_route=%2Fwp%2Fv2%2Fcomments&post=269"}],"version-history":[{"count":12,"href":"https:\/\/muzika.aluksne.lv\/index.php?rest_route=\/wp\/v2\/pages\/269\/revisions"}],"predecessor-version":[{"id":2289,"href":"https:\/\/muzika.aluksne.lv\/index.php?rest_route=\/wp\/v2\/pages\/269\/revisions\/2289"}],"up":[{"embeddable":true,"href":"https:\/\/muzika.aluksne.lv\/index.php?rest_route=\/wp\/v2\/pages\/83"}],"wp:attachment":[{"href":"https:\/\/muzika.aluksne.lv\/index.php?rest_route=%2Fwp%2Fv2%2Fmedia&parent=269"}],"curies":[{"name":"wp","href":"https:\/\/api.w.org\/{rel}","templated":true}]}}